 Let x be q/(-8) + 18/4. What is p(x)?
1
Let g(o) be the first derivative of -o**4/4 - 5*o**3/3 + o**2 + 5*o - 81. Suppose -b + 5*s - 6 + 1 = 0, 10 = -2*b + 4*s. Calculate g(b).
-5
Let x be (-16)/16 - (-2 + 0). Let u(q) be the first derivative of -x - 1/3*q**3 - q**2 - q. Give u(-2).
-1
Let i(r) = -4*r**2 + 11*r - 3. Let b(a) = a**2 - a. Let x(o) = -3*b(o) - i(o). Calculate x(6).
-9
Let k = 128 - 122. Let s(w) = w**3 - 6*w**2 + 2. What is s(k)?
2
Let g(x) = x**3 - 6*x**2 + 6*x - 6. Let t(i) = 10 + 17 + 3*i - 2*i. Let u be t(0). Suppose -4 = -4*m + 4*q, -3*m + u = 2*q + 4. Calculate g(m).
-1
Let y(x) be the third derivative of -x**6/120 - x**5/30 + x**4/12 - x**3/2 - 7*x**2. Give y(-3).
0
Let z(r) = 3*r - 5. Let j be 8/(-5)*(-35)/14. What is z(j)?
7
Let z = 12 - 12. Let c be -3*(-2 + 3 - 2). Let w(v) = -c - v + z - 1. Determine w(-5).
1
Let i be (-2)/4*(-7 + -3). Suppose 3*w = -6*h + 2*h + 11, -5*w = -i*h - 30. Let s(o) = o + 0*o + w*o + 5 - 5*o. What is s(0)?
5
Let s be (-2)/(-16) + (-165)/(-24) + -3. Let l(a) = -a**2 + 2*a + 5. Determine l(s).
-3
Let u = -32 - -97/3. Let y(d) be the first derivative of d - 5/2*d**2 - u*d**3 + 1. What is y(-4)?
5
Let h(t) = 5*t + 2*t - 6*t + 6. What is h(0)?
6
Let j(h) = -3*h**2 - 6*h + 11. Let g(s) = 2*s**2 + 4*s - 7. Let u(q) = -8*g(q) - 5*j(q). Suppose 4*x + 6 = -6. Calculate u(x).
-2
Let m = 2 - 5. Let i(g) = -4*g**3 + g**2 + 5*g**3 + 4*g**2 - 3 + 0*g**3 + 3*g. What is i(m)?
6
Let r(a) = -3*a + 1 - 16 + 24. Give r(6).
-9
Let y = -14 + 10. Let r(o) be the second derivative of -2/3*o**3 + 0 - 3/2*o**2 + 3*o - 5/12*o**4 - 1/20*o**5. Determine r(y).
-3
Let f(k) = k + 7. Let a be f(-9). Let v(t) = 2*t**3 + 4*t**2 + 2*t. What is v(a)?
-4
Let r(u) be the first derivative of -1/3*u**3 + 0*u - 1/180*u**6 + 1/120*u**5 - 1/24*u**4 - 2 + 0*u**2. Let n(h) be the third derivative of r(h). What is n(2)?
-7
Let p(w) be the third derivative of w**4/24 + w**3/3 - w**2. Let u be (-2 - 10)/4*1. Calculate p(u).
-1
Let v(g) = -44*g**3 - 42*g**3 + 4*g**2 + 138*g**3 - 51*g**3 + g. Determine v(-3).
6
Let j = 1 + 2. Let b be 1 - 32/(6/j). Let n be (-3)/2*50/b. Let l(y) = -y + 4. Determine l(n).
-1
Let p(a) be the first derivative of a**4/4 - a**3/3 - a**2/2 + 4*a + 1. Let t(l) = -l**2 + 7*l - 6. Let r be t(6). Give p(r).
4
Let i(u) = -u + 1. Let o be 2/8 - (-99)/36. Give i(o).
-2
Let d(y) be the first derivative of 1 + 3/2*y**2 - 1/4*y**4 + 3*y + 2/3*y**3. Suppose u - 9 = -2*u. Calculate d(u).
3
Let s(j) be the first derivative of -j**2 - j - 8. Calculate s(3).
-7
Let f(i) = i**2 - 5*i + 8. Let s(j) = 3*j + 3. Let w be s(1). Determine f(w).
14
Let r(o) = o - 4 + 2*o**2 + 2*o**2 - o**3 + 2*o**2. Let z be (-130)/(-25) + 4/5. Calculate r(z).
2
Let m(u) = -u**2 - 3*u. Let i(k) = k - 8. Let l be i(4). Calculate m(l).
-4
Let x(l) be the third derivative of -l**5/30 + l**4/6 - l**3/6 + 2*l**2. Let k be 0 - -3 - (-7 + -1). Let q = k + -8. What is x(q)?
-7
Suppose -q = -6 + 4. Let w = 1 + q. Let n(u) = u**2 - 2*u - 4. Give n(w).
-1
Let y = 26 + -22. Let z(w) = -3*w + 6. Calculate z(y).
-6
Let p(l) be the first derivative of -2 - 7/3*l**3 + 1/4*l**4 + 7/2*l**2 + 0*l. What is p(6)?
6
Let k(b) = -b**3 - b**2 - 2*b - 2. Let i = 1 - 0. Suppose z - i - 1 = 0. Let m be z/(-7) + (-36)/21. Give k(m).
6
Let b(h) = -h**3 - h**2 - h. Let u(i) = -5*i**3 - 10*i**2 - 11*i - 7. Let l(a) = -4*b(a) + u(a). Calculate l(-5).
3
Let q(f) = -f**3 + 2*f**2 + 2*f + 1. Let i be -2 + 5 - (1 - 0). What is q(i)?
5
Let m(h) = 2*h**3 + 4*h**2 - 7*h - 4. Let w(c) = 3*c**3 + 4*c**2 - 8*c - 5. Let u(d) = -4*m(d) + 3*w(d). Suppose 5*g = -5*j + 35, 5*j - g - 7 = 4. What is u(j)?
4
Let r(q) be the third derivative of -q**4/24 + 2*q**3/3 + 2*q**2. Let o be r(5). Let v(w) = -9*w**3 + w**2 - w - 1. Calculate v(o).
10
Let l(n) = -n**2 + 12*n - 9. Let g be l(11). Let d(j) = -4*j - 8 + j**3 + 1 - 4*j**g + 4. Give d(5).
2
Let z(l) = l**3 - 4*l**2 + 2*l + 1. Let x be z(2). Let v(g) = -g**2 - g + 4. Let s be v(x). Let t(i) = 2*i + 2. What is t(s)?
-2
Let j(h) = -h + 4. Let f be j(6). Let y be f - -5 - 0/2. Let a = -1 + y. Let k(b) = 4*b. What is k(a)?
8
Let n(z) = 7*z + z**2 + 9 + z - 17*z. What is n(7)?
-5
Suppose 5 = z - 0*z. Let o(w) = 0*w + z*w - 6*w. Suppose 2 + 10 = -2*c. What is o(c)?
6
Let i(w) = 2*w + 4*w**3 - 2*w**2 - 8 - w**2 - 3*w**2 - 3*w**3. Suppose -2*s + 0*s = -12. What is i(s)?
4
Suppose -3*i - 2*i + 25 = 0. Suppose 5*c + i*y = 65, -2 = -3*c + 5*y + 21. Suppose -c + 1 = -2*f. Let j(d) = -d**2 + 3*d + 4. Give j(f).
-6
Suppose 18 - 30 = 3*d. Let p(b) = b**3 + 6*b**2 + 4*b + 4. Give p(d).
20
Suppose -5*a = 5 - 45. Let x = a + -3. Let w(v) = -v**2 + 8*v. What is w(x)?
15
Let p = 11 + -7. Let l = -2 + p. Let y(u) = -1 + u - l + 6 - 8*u + u**2. Give y(5).
-7
Let z(c) = 2*c**3 - 12*c**2 - 15*c + 12. Let n(a) = a**3 - 6*a**2 - 7*a + 6. Let t(o) = 13*n(o) - 6*z(o). Calculate t(6).
0
Let r(n) = n - 4. Let x be (-12)/7 - (-2)/(-7). Let b = x - 1. Let m be b/(-3) - 0 - 1. Give r(m).
-4
Let l(p) = -p**3 + 6*p**2 + 5*p + 9. Let b(d) = -5*d**2 - 26*d + 2. Let a be b(-5). What is l(a)?
-5
Let b(r) be the first derivative of 2*r**3/3 - 4*r - 9. What is b(-3)?
14
Let l(b) = b**3 - 4*b**2 - 6*b - 2. Suppose -4*i = z - 6*z - 20, 0 = 3*z. Calculate l(i).
-7
Let a(u) = -u**2 + u + 3. Suppose 3*k - 27 = -0*k. Suppose -2*m + k = m. Calculate a(m).
-3
Let o(z) = z + 4. Let m(b) = 1. Let r(n) = 5. Let j(g) = -6*m(g) + r(g). Let t(h) = 5*j(h) + o(h). Determine t(0).
-1
Suppose 23 = 3*y + 5*d, 2*y + 5*d = -2*y + 29. Let o be y + (1 - 1) + 1. Let r(u) = u - 7. Determine r(o).
0
Let n(y) = -y + 2. Let w = -139 + 144. What is n(w)?
-3
Let y(u) = 0*u + 0*u - 2 + 2*u. Let n(h) = -h**3 + 4*h**2 + 5. Let w be n(4). Suppose -p + 0 = -w. Give y(p).
8
Let o(n) = n**2 - n. Let v(x) = -x**2 - 2*x + 2. Let j(p) = -o(p) + v(p). Let a(q) = -q**2 - 7*q - 6. Let l be a(-6). Let k be -2 - (2 - 2 - l). Give j(k).
-4
Let p(n) = n**2 - 5*n - 4. Let z be p(6). Let w(d) = -d**2 + d + 2 + z*d**2 + 3. Give w(0).
5
Suppose 4 = -3*m + 1. Let o(z) be the first derivative of z**5/10 + z**3/3 + z**2/2 + 3*z + 2. Let h(g) be the first derivative of o(g). Determine h(m).
-3
Let c(i) = -5*i**2 + 1 - i**3 + 5*i**3 - 6*i - 5*i**3 - 7. Let o be (1 - 3)*-1 - 6. Calculate c(o).
2
Let w(f) = f**2 - 3*f - 2. Let u be w(4). Let i = 1 - -2. Let a(b) = -2*b**u - 1 + 0*b + i*b**2 + b. Give a(0).
-1
Let v(x) = x**2 - 6*x + 5. Let w = 0 - -4. Suppose 0 = -4*d + 4*u - 6*u + 16, -2*d + w*u = -8. Suppose 5*t = d*s - 1, 0 = s + 4*s + 5*t - 35. Calculate v(s).
-3
Suppose 0 = 2*b - 4*b. Suppose b*h = 4*h - 4. Let m(s) be the first derivative of 3*s**2 + 5. Determine m(h).
6
Suppose 0*y - 3 = -y. Let q(p) be the first derivative of 1/3*p**3 + 0*p**2 - 3*p - 3. Give q(y).
6
Let s(f) = 2*f - 9. Let l be (-7 + 0)*2*(-12)/28. Give s(l).
3
Let v(j) = 24*j**2 - 1. Let b = -3 + 2. Give v(b).
23
Let d(t) = -2*t**2 - 13*t - 18. Let h(w) = w**2 + 6*w - 2. Let i be h(-6). Let j(f) = -f**2 - 7*f - 9. Let q(n) = i*d(n) + 5*j(n). What is q(-7)?
5
Let k(w) = -12*w + 12. Suppose 5 + 12 = -5*v + 4*f, -19 = 3*v + 2*f. Let u(t) = 3*t - 3. Let d(n) = v*k(n) - 21*u(n). Calculate d(2).
-3
Let j(c) = -c**3 - 8*c**2 + 11*c + 12. Let z be j(-9). Let t(d) = d**2 + 8*d + 1. What is t(z)?
-11
Suppose 0 = -0*k + 4*k - 3*c - 51, 3*k = -5*c + 31. Let n = 7 - k. Let b(j) be the second derivative of j**3/6 + j**2 + j. Give b(n).
-3
Let m(a) be the third derivative of a**5/10 + a**4/24 + 3*a**2. Suppose 2 + 0 = u. Let w = -3 + u. Give m(w).
5
Let u(o) = -o**3 + o + 2. Suppose 4*p = -4*l + 8, p - 2 = -l + 2*l. Calculate u(l).
2
Suppose 1 = -u + 3. Let c(t) = 0*t - 4*t + 6*t + 6 + t**u - t**3 - 3*t. Suppose -2*b = b. What is c(b)?
6
Let p = 7 + 3. Suppose -10 = -5*w + p. Let f(s) be the third derivative of -s**6/120 + s**5/12 - s**4/4 + s**3/2 - 7*s**2. What is f(w)?
-5
Let y(j) be the third derivative of j**6/120 + 7*j**5/60 + 7*j**4/24 + 2*j**3/3 + 33*j**2. Determine y(-6).
-2
Let o(h) be the third derivative of h**8/1120 + h**7/2520 + h**4/4 - 2*h**2. Let q(u) be the second derivative of o(u). Calculate q(-1).
-5
Let s be (6/4)/(6/8). Suppose -10 = -3*m - 1. Let x(n) = 4*n - 2*n - m*n**2 + 11 - 10. What is x(s)?
-7
Let g(m) = m**3 - 3*m**2 + 3*m - 3. Let i be g(3). Suppose 0 